{"id":11,"date":"2025-07-04T06:22:51","date_gmt":"2025-07-04T06:22:51","guid":{"rendered":"https:\/\/jadzio.pl\/sklep\/?page_id=11"},"modified":"2025-07-28T20:08:53","modified_gmt":"2025-07-28T20:08:53","slug":"zwroty","status":"publish","type":"page","link":"https:\/\/jadzio.pl\/sklep\/index.php\/zwroty\/","title":{"rendered":"Polityka zwrot\u00f3w i reklamacja"},"content":{"rendered":"\n<p><strong>ODST\u0104PIENIE OD UMOWY<\/strong> i <strong>ZWROT TOWARU<\/strong><\/p>\n\n\n\n<ol class=\"wp-block-list\">\n<li>Uprawnienie do z\u0142o\u017cenia o\u015bwiadczenia o odst\u0105pieniu od zawartej Umowy sprzeda\u017cy bez podania przyczyny przys\u0142uguje Klientowi b\u0119d\u0105cemu Konsumentem w terminie 14 dni na podstawie Ustawy o prawach konsumenta. Do zachowania tego terminu wystarczy wys\u0142anie o\u015bwiadczenia przed jego up\u0142ywem. WZ\u00d3R PISMA O ODST\u0104PIENIU OD UMOWY na stronach uokik.gov.pl dost\u0119pny tu: <a href=\"https:\/\/archiwum.uokik.gov.pl\/wzory_pism.php\" target=\"_blank\" rel=\"noreferrer noopener nofollow\">LINK<\/a>.<\/li>\n\n\n\n<li>Termin 14-dniowy liczy si\u0119 od dnia, w kt\u00f3rym nast\u0105pi\u0142o dostarczenie Towaru.<\/li>\n\n\n\n<li>Sprzedawca z chwil\u0105 otrzymania o\u015bwiadczenia o odst\u0105pieniu od Umowy przez Konsumenta prze\u015ble na adres poczty elektronicznej Konsumenta potwierdzenie otrzymania o\u015bwiadczenia o odst\u0105pieniu od umowy.<\/li>\n\n\n\n<li>Zgodnie z art. 38 Ustawy o prawach konsumenta, prawo do odst\u0105pienia od Umowy przez Konsumenta, jest wy\u0142\u0105czone m.in. w przypadku: um\u00f3w, w kt\u00f3rej przedmiotem \u015bwiadczenia jest Towar nieprefabrykowany, wyprodukowany wed\u0142ug specyfikacji Konsumenta lub s\u0142u\u017c\u0105cy zaspokojeniu jego zindywidualizowanych potrzeb, \u015bwiadczenia us\u0142ug, je\u017celi Sprzedawca wykona\u0142 w pe\u0142ni us\u0142ug\u0119 za wyra\u017an\u0105 zgod\u0105 Konsumenta, kt\u00f3ry zosta\u0142 poinformowany przed rozpocz\u0119ciem \u015bwiadczenia, \u017ce po spe\u0142nieniu \u015bwiadczenia przez Sprzedawc\u0119 utraci prawo odst\u0105pienia od Umowy czy Umowy, w kt\u00f3rej przedmiotem \u015bwiadczenia jest Towar dostarczany w zapiecz\u0119towanym opakowaniu, kt\u00f3rego po otwarciu opakowania nie mo\u017cna zwr\u00f3ci\u0107 ze wzgl\u0119du na ochron\u0119 zdrowia lub ze wzgl\u0119d\u00f3w higienicznych, je\u017celi opakowanie zosta\u0142o otwarte po dostarczeniu.<\/li>\n\n\n\n<li>W przypadku odst\u0105pienia od Umowy zawartej na odleg\u0142o\u015b\u0107 w rozumieniu Ustawy o prawach konsumenta, Umowa jest uwa\u017cana za niezawart\u0105. To, co strony \u015bwiadczy\u0142y, ulega zwrotowi w stanie niezmienionym, chyba \u017ce zmiana by\u0142a konieczna w celu stwierdzenia charakteru, cech i funkcjonalno\u015bci Towaru. Zwrot powinien nast\u0105pi\u0107 niezw\u0142ocznie, nie p\u00f3\u017aniej ni\u017c w terminie 14 dni. Zwracany Towar prosimy odes\u0142a\u0107 na adres fizyczny sklepu:&nbsp;ul.&nbsp;gen. T. Bora-Komorowskiego 15, 85-793 Bydgoszcz.<\/li>\n\n\n\n<li>Aby odst\u0105pi\u0107 od umowy i zwr\u00f3ci\u0107 zakupiony Towar, wype\u0142nij potrzebne o\u015bwiadczenie i wy\u015blij go na nasz adres wraz ze zwracanym Towarem.<\/li>\n\n\n\n<li>Towar nale\u017cy odes\u0142a\u0107 pod warunkiem zwrotu towar\u00f3w&nbsp; czystych,&nbsp; w wraz z wszystkimi za\u0142\u0105czonymi dodatkami, kartami informacyjnymi, dokumentami oraz w starannie zabezpieczone w opakowaniu w takim jak zosta\u0142 dostarczony do odbiorcy.&nbsp;Towar uszkodzony podczas transportu w wyniku nieprawid\u0142owego zabezpieczenia przesy\u0142ki przez Klienta nie podlega zwrotowi.<\/li>\n\n\n\n<li>Koszt zwrotu towaru ponosi konsument. W razie odst\u0105pienia od umowy, sklep zwraca Kupuj\u0105cemu tylko koszty za zakupiony towar.&nbsp;<\/li>\n\n\n\n<li>Sprzedawca niezw\u0142ocznie, jednak nie p\u00f3\u017aniej ni\u017c w terminie 14 dni od dnia otrzymania o\u015bwiadczenia Konsumenta o odst\u0105pieniu od Umowy zwr\u00f3ci Konsumentowi dokonanu p\u0142atno\u015bc za Towar. Sprzedawca dokonuje zwrotu p\u0142atno\u015bci przy u\u017cyciu takiego samego sposobu zap\u0142aty, jakiego u\u017cy\u0142 Konsument, chyba, \u017ce Konsument wyrazi zgod\u0119 na inny spos\u00f3b zwrotu, przy czym spos\u00f3b ten nie b\u0119dzie si\u0119 wi\u0105za\u0142 z \u017cadnym dodatkowym kosztem. Sprzedawca mo\u017ce wstrzyma\u0107 si\u0119 ze zwrotem p\u0142atno\u015bci otrzymanych od Klienta do chwili otrzymania rzeczy z powrotem i&nbsp;sprawdzenia jej&nbsp;zgodnie z&nbsp;art. 32&nbsp;Ustawy&nbsp;o prawach konsumenta&nbsp;lub dostarczenia przez Klienta dowodu jej odes\u0142ania, w zale\u017cno\u015bci od tego, kt\u00f3re zdarzenie nast\u0105pi wcze\u015bniej, chyba \u017ce Sprzedawca zaproponowa\u0142, \u017ce sam odbierze rzecz od Klienta.<\/li>\n\n\n\n<li>Prawo odst\u0105pienia od umowy Klienta nie przys\u0142uguje w przypadku zam\u00f3wienia towaru, kt\u00f3ry jest wyprodukowany specjalnie na indywidualne zam\u00f3wienie Klienta, w tym na podstawie dostarczonych przez niego wymiar\u00f3w i preferencji (na przyk\u0142ad w przypadku przeszycia wyrobu tekstylnego wed\u0142ug indywidualnych wymiar\u00f3w podanych przez Klienta). Zgodnie z indywidualnym dostosowaniem wyrobu do wymiar\u00f3w i preferencji Klienta, prawo odst\u0105pienia od umowy oraz zwrot koszt\u00f3w nie jest mo\u017cliwy zgodnie z Ustaw\u0105 o prawach konsumenta, a dok\u0142adniej z art. 38 pkt 3 tej Ustawy.&nbsp;<\/li>\n\n\n\n<li>Nie podlega zwrotu towar zam\u00f3wiony w Sklepie, kt\u00f3ry jest realizowany na specjalne zam\u00f3wienie. <\/li>\n<\/ol>\n\n\n\n<p><strong>&nbsp;REKLAMACJE, GWARANCJA<\/strong><\/p>\n\n\n\n<p>Sprzedawca zobowi\u0105zuje si\u0119 dostarczy\u0107 Towar bez wad.&nbsp;Sprzedawca jest zwolniony od odpowiedzialno\u015bci z tytu\u0142u r\u0119kojmi, je\u017celi Konsument wiedzia\u0142 o wadzie w chwili zawarcia Umowy Sprzeda\u017cy.<\/p>\n\n\n\n<p>Sprzedawca odpowiada wobec Klienta b\u0119d\u0105cego Konsumentem z tytu\u0142u r\u0119kojmi za wady na zasadach okre\u015blonych w art. 556 \u2013 576 Kodeksu Cywilnego. W stosunku do Klient\u00f3w b\u0119d\u0105cych Przedsi\u0119biorcami r\u0119kojmia zostaje wy\u0142\u0105czona.<\/p>\n\n\n\n<p>Reklamacje, wynikaj\u0105ce z naruszenia praw Klienta gwarantowanych prawnie lub na podstawie niniejszego Regulaminu, prosimy kierowa\u0107 pisemnie na adres poczty elektronicznej:&nbsp;kontakt@jadzio.pl.<\/p>\n\n\n\n<p>Celem rozpatrzenia reklamacji Klient powinien przes\u0142a\u0107 lub dostarczy\u0107 reklamowany Towar oraz do\u0142\u0105czaj\u0105c do niego dow\u00f3d zakupu &#8211; papierowy paragon, kt\u00f3ry zosta\u0142 przes\u0142any klientowi razem z produktem.&nbsp;Reklamowany Towar r\u00f3wnie\u017c prosimy odes\u0142a\u0107 na adres fizyczny sklepu: ul. gen. T. Bora-Komorowskiego 15, 85-793 Bydgoszcz.<\/p>\n\n\n\n<p>Sprzedawca zobowi\u0105zuje si\u0119 do rozpatrzenia ka\u017cdej reklamacji w terminie do 14 dni.<\/p>\n\n\n\n<p>W przypadku brak\u00f3w w reklamacji Sprzedawca wezwie Klienta do jej uzupe\u0142nienia w niezb\u0119dnym zakresie.<\/p>\n\n\n\n<p>Klient mo\u017ce zamiast zaproponowanego przez Sprzedawc\u0119 usuni\u0119cia wady \u017c\u0105da\u0107 wymiany Towaru na wolny od wad albo zamiast wymiany Towaru \u017c\u0105da\u0107 usuni\u0119cia wady, chyba \u017ce doprowadzenie Towaru do zgodno\u015bci z umow\u0105 w spos\u00f3b wybrany przez Konsumenta jest niemo\u017cliwe albo wymaga\u0142oby nadmiernych koszt\u00f3w w por\u00f3wnaniu ze sposobem proponowanym przez Sprzedawc\u0119. Przy ocenie nadmierno\u015bci koszt\u00f3w uwzgl\u0119dnia si\u0119 warto\u015b\u0107 Towaru wolnego od wad, rodzaj i znaczenie stwierdzonej wady, a tak\u017ce bierze si\u0119 pod uwag\u0119 niedogodno\u015bci, na jakie nara\u017ca\u0142by Konsumenta inny spos\u00f3b zaspokojenia.<\/p>\n\n\n\n<p>Prawid\u0142owo z\u0142o\u017cona reklamacja powinna zawiera\u0107 nast\u0119puj\u0105ce dane:<\/p>\n\n\n\n<ul class=\"wp-block-list\">\n<li>dane Klienta (imi\u0119, nazwisko, adres, adres poczty elektronicznej, adres do korespondencji)<\/li>\n<\/ul>\n\n\n\n<ul class=\"wp-block-list\">\n<li>dat\u0119 nabycia towaru, rodzaj reklamowanego towaru,<\/li>\n<\/ul>\n\n\n\n<ul class=\"wp-block-list\">\n<li>dok\u0142adny opis wady oraz dat\u0119 jej stwierdzenia, \u017c\u0105danie Klienta, a tak\u017ce preferowany przez Klienta spos\u00f3b poinformowania o sposobie rozpatrzenia reklamacji.<\/li>\n<\/ul>\n\n\n\n<p>Wraz ze zg\u0142oszeniem reklamacji nale\u017cy dostarczy\u0107 Sprzedawcy dow\u00f3d zakupu Towaru. Mo\u017ce to by\u0107 na przyk\u0142ad kopia paragonu lub kopia faktury, wydruk z karty p\u0142atniczej albo inny dow\u00f3d.<\/p>\n\n\n\n<p>Wzory pism dotycz\u0105ce reklamacji towar\u00f3w mo\u017cna pobra\u0107 na stronach uokik.gov.pl dost\u0119pne pod: <a href=\"https:\/\/archiwum.uokik.gov.pl\/wzory_pism.php\" target=\"_blank\" rel=\"noreferrer noopener nofollow\">LINK<\/a>.<\/p>\n\n\n\n<p>W przypadku wyst\u0105pienia ewentualnych brak\u00f3w w z\u0142o\u017conej reklamacji, Sprzedawca zwr\u00f3ci si\u0119 do Klienta o ich uzupe\u0142nienie zgodnie z danymi adresowymi wskazanymi w zg\u0142oszeniu reklamacji.<\/p>\n\n\n\n<p>Klient, kt\u00f3ry wykonuje uprawnienia z tytu\u0142u r\u0119kojmi, jest obowi\u0105zany na w\u0142asny koszt dostarczy\u0107 wadliwy Towar na adres fizyczny sklepu: ul. gen. T. Bora-Komorowskiego 15, 85-793 Bydgoszcz.<\/p>\n\n\n\n<p>Sprzedawca w terminie 14 dni od dnia otrzymania reklamacji od Konsumenta, poinformuje go o swoim stanowisku w zakresie zasadno\u015bci zg\u0142oszonego roszczenia.<\/p>\n\n\n\n<p>Sprzedawca odpowiada z tytu\u0142u r\u0119kojmi, je\u017celi wada fizyczna zostanie stwierdzona przed up\u0142ywem dw\u00f3ch lat od dnia wydania Towaru Klientowi. Roszczenie o usuni\u0119cie wady lub wymian\u0119 Towaru na wolny od wad przedawnia si\u0119 z up\u0142ywem roku licz\u0105c od dnia stwierdzenia wady, jednak w przypadku Zam\u00f3wienia z\u0142o\u017conego przez Konsumenta \u2013 bieg terminu przedawnienia nie mo\u017ce zako\u0144czy\u0107 si\u0119 przed up\u0142ywem terminu, o kt\u00f3rym mowa w zdaniu pierwszym.<\/p>\n\n\n\n<p>Klient powinien odebra\u0107 reklamowany Towar, niezw\u0142ocznie po poinformowaniu go o rozpatrzeniu jego zg\u0142oszenia i dostarczeniu na adres wskazany przez Klienta. W sytuacji gdy Towar ten, nie zostanie odebrany, Sprzedawca wezwie Klienta na pi\u015bmie lub ewentualnie w inny spos\u00f3b z nim osobi\u015bcie uzgodniony, do odbioru Towaru w terminie 14 dni od daty otrzymania takiego wezwania.<\/p>\n\n\n\n<p>Sprzedawca mo\u017ce odm\u00f3wi\u0107 zado\u015b\u0107uczynienia \u017c\u0105daniu kupuj\u0105cego, je\u017celi doprowadzenie do zgodno\u015bci z umow\u0105 rzeczy wadliwej w spos\u00f3b wybrany przez kupuj\u0105cego jest niemo\u017cliwe albo w por\u00f3wnaniu z drugim mo\u017cliwym sposobem doprowadzenia do zgodno\u015bci z umow\u0105 wymaga\u0142oby nadmiernych koszt\u00f3w.<\/p>\n\n\n\n<p>W przypadku stwierdzenia zniszczonej\/naruszonej paczki nie nale\u017cy jej odbiera\u0107 od kuriera. W przypadku dor\u0119czenia przez kuriera Poczta Polska zniszczonej\/naruszonej paczki, nale\u017cy sporz\u0105dzi\u0107 stosowny protok\u00f3\u0142 szkody. Nale\u017cy spisa\u0107 go w obecno\u015bci kuriera w momencie dor\u0119czenia paczki. Druk protoko\u0142u szkody powinien posiada\u0107 kurier. Brak protoko\u0142u szkody mo\u017ce spowodowa\u0107 pozostawienie reklamacji bez rozpoznania, a tym samym brak ewentualnej wyp\u0142aty odszkodowania.<\/p>\n","protected":false},"excerpt":{"rendered":"<p>ODST\u0104PIENIE OD UMOWY i ZWROT TOWARU &nbsp;REKLAMACJE, GWARANCJA Sprzedawca zobowi\u0105zuje si\u0119 dostarczy\u0107 Towar bez wad.&nbsp;Sprzedawca jest zwolniony od odpowiedzialno\u015bci z tytu\u0142u r\u0119kojmi, je\u017celi Konsument wiedzia\u0142 o wadzie w chwili zawarcia Umowy Sprzeda\u017cy. Sprzedawca odpowiada wobec Klienta b\u0119d\u0105cego Konsumentem z tytu\u0142u r\u0119kojmi za wady na zasadach okre\u015blonych w art. 556 \u2013 576 Kodeksu Cywilnego. W stosunku [&hellip;]<\/p>\n","protected":false},"author":1,"featured_media":0,"parent":0,"menu_order":0,"comment_status":"closed","ping_status":"closed","template":"","meta":{"footnotes":""},"class_list":["post-11","page","type-page","status-publish","hentry"],"yoast_head":"<!-- This site is optimized with the Yoast SEO plugin v27.4 - https:\/\/yoast.com\/product\/yoast-seo-wordpress\/ -->\n<title>Polityka zwrot\u00f3w i reklamacja - Jadzio - sklep<\/title>\n<meta name=\"robots\" content=\"index, follow, max-snippet:-1, max-image-preview:large, max-video-preview:-1\" \/>\n<link rel=\"canonical\" href=\"https:\/\/jadzio.pl\/sklep\/index.php\/zwroty\/\" \/>\n<meta property=\"og:locale\" content=\"pl_PL\" \/>\n<meta property=\"og:type\" content=\"article\" \/>\n<meta property=\"og:title\" content=\"Polityka zwrot\u00f3w i reklamacja - Jadzio - sklep\" \/>\n<meta property=\"og:description\" content=\"ODST\u0104PIENIE OD UMOWY i ZWROT TOWARU &nbsp;REKLAMACJE, GWARANCJA Sprzedawca zobowi\u0105zuje si\u0119 dostarczy\u0107 Towar bez wad.&nbsp;Sprzedawca jest zwolniony od odpowiedzialno\u015bci z tytu\u0142u r\u0119kojmi, je\u017celi Konsument wiedzia\u0142 o wadzie w chwili zawarcia Umowy Sprzeda\u017cy. Sprzedawca odpowiada wobec Klienta b\u0119d\u0105cego Konsumentem z tytu\u0142u r\u0119kojmi za wady na zasadach okre\u015blonych w art. 556 \u2013 576 Kodeksu Cywilnego. W stosunku [&hellip;]\" \/>\n<meta property=\"og:url\" content=\"https:\/\/jadzio.pl\/sklep\/index.php\/zwroty\/\" \/>\n<meta property=\"og:site_name\" content=\"Jadzio - sklep\" \/>\n<meta property=\"article:modified_time\" content=\"2025-07-28T20:08:53+00:00\" \/>\n<meta name=\"twitter:card\" content=\"summary_large_image\" \/>\n<meta name=\"twitter:label1\" content=\"Szacowany czas czytania\" \/>\n\t<meta name=\"twitter:data1\" content=\"7 minut\" \/>\n<script type=\"application\/ld+json\" class=\"yoast-schema-graph\">{\"@context\":\"https:\\\/\\\/schema.org\",\"@graph\":[{\"@type\":\"WebPage\",\"@id\":\"https:\\\/\\\/jadzio.pl\\\/sklep\\\/index.php\\\/zwroty\\\/\",\"url\":\"https:\\\/\\\/jadzio.pl\\\/sklep\\\/index.php\\\/zwroty\\\/\",\"name\":\"Polityka zwrot\u00f3w i reklamacja - Jadzio - sklep\",\"isPartOf\":{\"@id\":\"https:\\\/\\\/jadzio.pl\\\/sklep\\\/#website\"},\"datePublished\":\"2025-07-04T06:22:51+00:00\",\"dateModified\":\"2025-07-28T20:08:53+00:00\",\"breadcrumb\":{\"@id\":\"https:\\\/\\\/jadzio.pl\\\/sklep\\\/index.php\\\/zwroty\\\/#breadcrumb\"},\"inLanguage\":\"pl-PL\",\"potentialAction\":[{\"@type\":\"ReadAction\",\"target\":[\"https:\\\/\\\/jadzio.pl\\\/sklep\\\/index.php\\\/zwroty\\\/\"]}]},{\"@type\":\"BreadcrumbList\",\"@id\":\"https:\\\/\\\/jadzio.pl\\\/sklep\\\/index.php\\\/zwroty\\\/#breadcrumb\",\"itemListElement\":[{\"@type\":\"ListItem\",\"position\":1,\"name\":\"Strona g\u0142\u00f3wna\",\"item\":\"https:\\\/\\\/jadzio.pl\\\/sklep\\\/\"},{\"@type\":\"ListItem\",\"position\":2,\"name\":\"Polityka zwrot\u00f3w i reklamacja\"}]},{\"@type\":\"WebSite\",\"@id\":\"https:\\\/\\\/jadzio.pl\\\/sklep\\\/#website\",\"url\":\"https:\\\/\\\/jadzio.pl\\\/sklep\\\/\",\"name\":\"Jadzio - sklep\",\"description\":\"\",\"publisher\":{\"@id\":\"https:\\\/\\\/jadzio.pl\\\/sklep\\\/#organization\"},\"potentialAction\":[{\"@type\":\"SearchAction\",\"target\":{\"@type\":\"EntryPoint\",\"urlTemplate\":\"https:\\\/\\\/jadzio.pl\\\/sklep\\\/?s={search_term_string}\"},\"query-input\":{\"@type\":\"PropertyValueSpecification\",\"valueRequired\":true,\"valueName\":\"search_term_string\"}}],\"inLanguage\":\"pl-PL\"},{\"@type\":\"Organization\",\"@id\":\"https:\\\/\\\/jadzio.pl\\\/sklep\\\/#organization\",\"name\":\"Jadzio - sklep\",\"url\":\"https:\\\/\\\/jadzio.pl\\\/sklep\\\/\",\"logo\":{\"@type\":\"ImageObject\",\"inLanguage\":\"pl-PL\",\"@id\":\"https:\\\/\\\/jadzio.pl\\\/sklep\\\/#\\\/schema\\\/logo\\\/image\\\/\",\"url\":\"https:\\\/\\\/jadzio.pl\\\/sklep\\\/wp-content\\\/uploads\\\/2025\\\/07\\\/jadzio.png\",\"contentUrl\":\"https:\\\/\\\/jadzio.pl\\\/sklep\\\/wp-content\\\/uploads\\\/2025\\\/07\\\/jadzio.png\",\"width\":2000,\"height\":2000,\"caption\":\"Jadzio - sklep\"},\"image\":{\"@id\":\"https:\\\/\\\/jadzio.pl\\\/sklep\\\/#\\\/schema\\\/logo\\\/image\\\/\"}}]}<\/script>\n<!-- \/ Yoast SEO plugin. -->","yoast_head_json":{"title":"Polityka zwrot\u00f3w i reklamacja - Jadzio - sklep","robots":{"index":"index","follow":"follow","max-snippet":"max-snippet:-1","max-image-preview":"max-image-preview:large","max-video-preview":"max-video-preview:-1"},"canonical":"https:\/\/jadzio.pl\/sklep\/index.php\/zwroty\/","og_locale":"pl_PL","og_type":"article","og_title":"Polityka zwrot\u00f3w i reklamacja - Jadzio - sklep","og_description":"ODST\u0104PIENIE OD UMOWY i ZWROT TOWARU &nbsp;REKLAMACJE, GWARANCJA Sprzedawca zobowi\u0105zuje si\u0119 dostarczy\u0107 Towar bez wad.&nbsp;Sprzedawca jest zwolniony od odpowiedzialno\u015bci z tytu\u0142u r\u0119kojmi, je\u017celi Konsument wiedzia\u0142 o wadzie w chwili zawarcia Umowy Sprzeda\u017cy. Sprzedawca odpowiada wobec Klienta b\u0119d\u0105cego Konsumentem z tytu\u0142u r\u0119kojmi za wady na zasadach okre\u015blonych w art. 556 \u2013 576 Kodeksu Cywilnego. W stosunku [&hellip;]","og_url":"https:\/\/jadzio.pl\/sklep\/index.php\/zwroty\/","og_site_name":"Jadzio - sklep","article_modified_time":"2025-07-28T20:08:53+00:00","twitter_card":"summary_large_image","twitter_misc":{"Szacowany czas czytania":"7 minut"},"schema":{"@context":"https:\/\/schema.org","@graph":[{"@type":"WebPage","@id":"https:\/\/jadzio.pl\/sklep\/index.php\/zwroty\/","url":"https:\/\/jadzio.pl\/sklep\/index.php\/zwroty\/","name":"Polityka zwrot\u00f3w i reklamacja - Jadzio - sklep","isPartOf":{"@id":"https:\/\/jadzio.pl\/sklep\/#website"},"datePublished":"2025-07-04T06:22:51+00:00","dateModified":"2025-07-28T20:08:53+00:00","breadcrumb":{"@id":"https:\/\/jadzio.pl\/sklep\/index.php\/zwroty\/#breadcrumb"},"inLanguage":"pl-PL","potentialAction":[{"@type":"ReadAction","target":["https:\/\/jadzio.pl\/sklep\/index.php\/zwroty\/"]}]},{"@type":"BreadcrumbList","@id":"https:\/\/jadzio.pl\/sklep\/index.php\/zwroty\/#breadcrumb","itemListElement":[{"@type":"ListItem","position":1,"name":"Strona g\u0142\u00f3wna","item":"https:\/\/jadzio.pl\/sklep\/"},{"@type":"ListItem","position":2,"name":"Polityka zwrot\u00f3w i reklamacja"}]},{"@type":"WebSite","@id":"https:\/\/jadzio.pl\/sklep\/#website","url":"https:\/\/jadzio.pl\/sklep\/","name":"Jadzio - sklep","description":"","publisher":{"@id":"https:\/\/jadzio.pl\/sklep\/#organization"},"potentialAction":[{"@type":"SearchAction","target":{"@type":"EntryPoint","urlTemplate":"https:\/\/jadzio.pl\/sklep\/?s={search_term_string}"},"query-input":{"@type":"PropertyValueSpecification","valueRequired":true,"valueName":"search_term_string"}}],"inLanguage":"pl-PL"},{"@type":"Organization","@id":"https:\/\/jadzio.pl\/sklep\/#organization","name":"Jadzio - sklep","url":"https:\/\/jadzio.pl\/sklep\/","logo":{"@type":"ImageObject","inLanguage":"pl-PL","@id":"https:\/\/jadzio.pl\/sklep\/#\/schema\/logo\/image\/","url":"https:\/\/jadzio.pl\/sklep\/wp-content\/uploads\/2025\/07\/jadzio.png","contentUrl":"https:\/\/jadzio.pl\/sklep\/wp-content\/uploads\/2025\/07\/jadzio.png","width":2000,"height":2000,"caption":"Jadzio - sklep"},"image":{"@id":"https:\/\/jadzio.pl\/sklep\/#\/schema\/logo\/image\/"}}]}},"_links":{"self":[{"href":"https:\/\/jadzio.pl\/sklep\/index.php\/wp-json\/wp\/v2\/pages\/11","targetHints":{"allow":["GET"]}}],"collection":[{"href":"https:\/\/jadzio.pl\/sklep\/index.php\/wp-json\/wp\/v2\/pages"}],"about":[{"href":"https:\/\/jadzio.pl\/sklep\/index.php\/wp-json\/wp\/v2\/types\/page"}],"author":[{"embeddable":true,"href":"https:\/\/jadzio.pl\/sklep\/index.php\/wp-json\/wp\/v2\/users\/1"}],"replies":[{"embeddable":true,"href":"https:\/\/jadzio.pl\/sklep\/index.php\/wp-json\/wp\/v2\/comments?post=11"}],"version-history":[{"count":5,"href":"https:\/\/jadzio.pl\/sklep\/index.php\/wp-json\/wp\/v2\/pages\/11\/revisions"}],"predecessor-version":[{"id":416,"href":"https:\/\/jadzio.pl\/sklep\/index.php\/wp-json\/wp\/v2\/pages\/11\/revisions\/416"}],"wp:attachment":[{"href":"https:\/\/jadzio.pl\/sklep\/index.php\/wp-json\/wp\/v2\/media?parent=11"}],"curies":[{"name":"wp","href":"https:\/\/api.w.org\/{rel}","templated":true}]}}