{"id":2,"date":"2025-07-02T11:12:59","date_gmt":"2025-07-02T11:12:59","guid":{"rendered":"https:\/\/jadzio.pl\/sklep\/?page_id=2"},"modified":"2025-09-27T13:24:14","modified_gmt":"2025-09-27T13:24:14","slug":"o_mnie_jadzio","status":"publish","type":"page","link":"https:\/\/jadzio.pl\/sklep\/index.php\/o_mnie_jadzio\/","title":{"rendered":"O mnie &#8211; Jadzio"},"content":{"rendered":"\n<p>Cze\u015b\u0107!<br>Jestem Jadzio, zajmuj\u0119 si\u0119 grafik\u0105 i animacj\u0105, a to kr\u00f3tka strona o mnie.<\/p>\n\n\n\n<p>Rysowanie i szycie to moje hobby. G\u0142\u00f3wnie tworz\u0119 rzeczy do gier i program\u00f3w niezale\u017cnych.<\/p>\n\n\n\n<p>Moje portfolio znajdziecie na <a href=\"https:\/\/jadzio.pl\/art_portfolio.php\" target=\"_blank\" rel=\"noreferrer noopener\">jadzio.pl &#8211; Art Portfolio<\/a>. Zapraszam tak\u017ce do mojego sklepu <a href=\"https:\/\/jadzio.pl\/sklep\/\">Jadzio &#8211; sklep<\/a>. <\/p>\n\n\n\n<p>Osobi\u015bcie mo\u017cemy si\u0119 spotka\u0107 na jednym z konwent\u00f3w fantastyki lub na innym wydarzeniu popkulturowym w Polsce. Wydarzenia w kt\u00f3rych bior\u0119 udzia\u0142 publikuj\u0119 tu: <a href=\"https:\/\/jadzio.pl\/kalendarz.php\" target=\"_blank\" rel=\"noreferrer noopener\">jadzio.pl &#8211; kalendarz konwent\u00f3w.<\/a><\/p>\n\n\n\n<p>To tyle o mnie &#8211; Jadzio.<\/p>\n\n\n\n<p>W planowaniu Waszej przygody z fantastyk\u0105 i nie tylko mo\u017ce pom\u00f3c strona: <a href=\"https:\/\/konwenty-poludniowe.pl\/\" target=\"_blank\" rel=\"noreferrer noopener\">Konwenty Po\u0142udniowe<\/a>.<\/p>\n\n\n\n<figure class=\"wp-block-image aligncenter size-large is-resized\"><img loading=\"lazy\" decoding=\"async\" width=\"1024\" height=\"1024\" src=\"https:\/\/jadzio.pl\/sklep\/wp-content\/uploads\/2025\/07\/jadzio-1024x1024.png\" alt=\"Jadzio\" class=\"wp-image-194\" style=\"width:248px;height:auto\" srcset=\"https:\/\/jadzio.pl\/sklep\/wp-content\/uploads\/2025\/07\/jadzio-1024x1024.png 1024w, https:\/\/jadzio.pl\/sklep\/wp-content\/uploads\/2025\/07\/jadzio-300x300.png 300w, https:\/\/jadzio.pl\/sklep\/wp-content\/uploads\/2025\/07\/jadzio-150x150.png 150w, https:\/\/jadzio.pl\/sklep\/wp-content\/uploads\/2025\/07\/jadzio-768x768.png 768w, https:\/\/jadzio.pl\/sklep\/wp-content\/uploads\/2025\/07\/jadzio-1536x1536.png 1536w, https:\/\/jadzio.pl\/sklep\/wp-content\/uploads\/2025\/07\/jadzio-600x600.png 600w, https:\/\/jadzio.pl\/sklep\/wp-content\/uploads\/2025\/07\/jadzio-100x100.png 100w, https:\/\/jadzio.pl\/sklep\/wp-content\/uploads\/2025\/07\/jadzio.png 2000w\" sizes=\"auto, (max-width: 1024px) 100vw, 1024px\" \/><\/figure>\n\n\n\n<p class=\"has-text-align-center has-x-large-font-size\"><strong>Kontakt:<\/strong><\/p>\n\n\n\n<p class=\"has-text-align-center\"><strong>kontakt@jadzio.pl<\/strong><\/p>\n\n\n\n<p class=\"has-text-align-center\">tel. +48 <strong>690 292 305<\/strong><\/p>\n\n\n\n<p class=\"has-text-align-center\"><strong>Biuro obs\u0142ugi klienta czynne:<br><\/strong>wtorek i pi\u0105tek: 10.00 &#8211; 14.00<\/p>\n\n\n\n<p class=\"has-text-align-center\">w\u0142a\u015bciciel sklepu:<\/p>\n\n\n\n<p class=\"has-text-align-center\">eco-en Marek Buras <\/p>\n\n\n\n<p class=\"has-text-align-center\">z siedzib\u0105: ul. Altanowa 5\/6, 85-790 Bydgoszcz <br>NIP: 5542432566 REGON: 340107849<\/p>\n\n\n\n<p class=\"has-text-align-center\"><strong>adres fizyczny sklepu (miejsce wysy\u0142ki i odbior\u00f3w osobistych):<\/strong><\/p>\n\n\n\n<p class=\"has-text-align-center\">ul. gen. Tadeusza Bora-Komorowskiego 15, 85-793 Bydgoszcz, Polska<\/p>\n\n\n\n<p><\/p>\n","protected":false},"excerpt":{"rendered":"<p>Cze\u015b\u0107!Jestem Jadzio, zajmuj\u0119 si\u0119 grafik\u0105 i animacj\u0105, a to kr\u00f3tka strona o mnie. Rysowanie i szycie to moje hobby. G\u0142\u00f3wnie tworz\u0119 rzeczy do gier i program\u00f3w niezale\u017cnych. Moje portfolio znajdziecie na jadzio.pl &#8211; Art Portfolio. Zapraszam tak\u017ce do mojego sklepu Jadzio &#8211; sklep. Osobi\u015bcie mo\u017cemy si\u0119 spotka\u0107 na jednym z konwent\u00f3w fantastyki lub na innym [&hellip;]<\/p>\n","protected":false},"author":1,"featured_media":0,"parent":0,"menu_order":0,"comment_status":"closed","ping_status":"closed","template":"","meta":{"footnotes":""},"class_list":["post-2","page","type-page","status-publish","hentry"],"yoast_head":"<!-- This site is optimized with the Yoast SEO plugin v27.4 - https:\/\/yoast.com\/product\/yoast-seo-wordpress\/ -->\n<title>O mnie - Jadzio<\/title>\n<meta name=\"description\" content=\"Jestem Jadzio, a to kr\u00f3tka strona o mnie. zajmuj\u0119 si\u0119 grafik\u0105 i animacj\u0105. Rysowanie i szycie to moje hobby. Zapraszam do mojego sklepu.\" \/>\n<meta name=\"robots\" content=\"index, follow, max-snippet:-1, max-image-preview:large, max-video-preview:-1\" \/>\n<link rel=\"canonical\" href=\"https:\/\/jadzio.pl\/sklep\/index.php\/o_mnie_jadzio\/\" \/>\n<meta property=\"og:locale\" content=\"pl_PL\" \/>\n<meta property=\"og:type\" content=\"article\" \/>\n<meta property=\"og:title\" content=\"O mnie - Jadzio\" \/>\n<meta property=\"og:description\" content=\"Jestem Jadzio, a to kr\u00f3tka strona o mnie. zajmuj\u0119 si\u0119 grafik\u0105 i animacj\u0105. Rysowanie i szycie to moje hobby. Zapraszam do mojego sklepu.\" \/>\n<meta property=\"og:url\" content=\"https:\/\/jadzio.pl\/sklep\/index.php\/o_mnie_jadzio\/\" \/>\n<meta property=\"og:site_name\" content=\"Jadzio - sklep\" \/>\n<meta property=\"article:modified_time\" content=\"2025-09-27T13:24:14+00:00\" \/>\n<meta property=\"og:image\" content=\"https:\/\/jadzio.pl\/sklep\/wp-content\/uploads\/2025\/07\/jadzio.png\" \/>\n\t<meta property=\"og:image:width\" content=\"2000\" \/>\n\t<meta property=\"og:image:height\" content=\"2000\" \/>\n\t<meta property=\"og:image:type\" content=\"image\/png\" \/>\n<meta name=\"twitter:card\" content=\"summary_large_image\" \/>\n<meta name=\"twitter:label1\" content=\"Szacowany czas czytania\" \/>\n\t<meta name=\"twitter:data1\" content=\"2 minuty\" \/>\n<script type=\"application\/ld+json\" class=\"yoast-schema-graph\">{\"@context\":\"https:\\\/\\\/schema.org\",\"@graph\":[{\"@type\":\"WebPage\",\"@id\":\"https:\\\/\\\/jadzio.pl\\\/sklep\\\/index.php\\\/o_mnie_jadzio\\\/\",\"url\":\"https:\\\/\\\/jadzio.pl\\\/sklep\\\/index.php\\\/o_mnie_jadzio\\\/\",\"name\":\"O mnie - Jadzio\",\"isPartOf\":{\"@id\":\"https:\\\/\\\/jadzio.pl\\\/sklep\\\/#website\"},\"primaryImageOfPage\":{\"@id\":\"https:\\\/\\\/jadzio.pl\\\/sklep\\\/index.php\\\/o_mnie_jadzio\\\/#primaryimage\"},\"image\":{\"@id\":\"https:\\\/\\\/jadzio.pl\\\/sklep\\\/index.php\\\/o_mnie_jadzio\\\/#primaryimage\"},\"thumbnailUrl\":\"https:\\\/\\\/jadzio.pl\\\/sklep\\\/wp-content\\\/uploads\\\/2025\\\/07\\\/jadzio-1024x1024.png\",\"datePublished\":\"2025-07-02T11:12:59+00:00\",\"dateModified\":\"2025-09-27T13:24:14+00:00\",\"description\":\"Jestem Jadzio, a to kr\u00f3tka strona o mnie. zajmuj\u0119 si\u0119 grafik\u0105 i animacj\u0105. Rysowanie i szycie to moje hobby. Zapraszam do mojego sklepu.\",\"breadcrumb\":{\"@id\":\"https:\\\/\\\/jadzio.pl\\\/sklep\\\/index.php\\\/o_mnie_jadzio\\\/#breadcrumb\"},\"inLanguage\":\"pl-PL\",\"potentialAction\":[{\"@type\":\"ReadAction\",\"target\":[\"https:\\\/\\\/jadzio.pl\\\/sklep\\\/index.php\\\/o_mnie_jadzio\\\/\"]}]},{\"@type\":\"ImageObject\",\"inLanguage\":\"pl-PL\",\"@id\":\"https:\\\/\\\/jadzio.pl\\\/sklep\\\/index.php\\\/o_mnie_jadzio\\\/#primaryimage\",\"url\":\"https:\\\/\\\/jadzio.pl\\\/sklep\\\/wp-content\\\/uploads\\\/2025\\\/07\\\/jadzio.png\",\"contentUrl\":\"https:\\\/\\\/jadzio.pl\\\/sklep\\\/wp-content\\\/uploads\\\/2025\\\/07\\\/jadzio.png\",\"width\":2000,\"height\":2000,\"caption\":\"Jadzio\"},{\"@type\":\"BreadcrumbList\",\"@id\":\"https:\\\/\\\/jadzio.pl\\\/sklep\\\/index.php\\\/o_mnie_jadzio\\\/#breadcrumb\",\"itemListElement\":[{\"@type\":\"ListItem\",\"position\":1,\"name\":\"Strona g\u0142\u00f3wna\",\"item\":\"https:\\\/\\\/jadzio.pl\\\/sklep\\\/\"},{\"@type\":\"ListItem\",\"position\":2,\"name\":\"O mnie &#8211; Jadzio\"}]},{\"@type\":\"WebSite\",\"@id\":\"https:\\\/\\\/jadzio.pl\\\/sklep\\\/#website\",\"url\":\"https:\\\/\\\/jadzio.pl\\\/sklep\\\/\",\"name\":\"Jadzio - sklep\",\"description\":\"\",\"publisher\":{\"@id\":\"https:\\\/\\\/jadzio.pl\\\/sklep\\\/#organization\"},\"potentialAction\":[{\"@type\":\"SearchAction\",\"target\":{\"@type\":\"EntryPoint\",\"urlTemplate\":\"https:\\\/\\\/jadzio.pl\\\/sklep\\\/?s={search_term_string}\"},\"query-input\":{\"@type\":\"PropertyValueSpecification\",\"valueRequired\":true,\"valueName\":\"search_term_string\"}}],\"inLanguage\":\"pl-PL\"},{\"@type\":\"Organization\",\"@id\":\"https:\\\/\\\/jadzio.pl\\\/sklep\\\/#organization\",\"name\":\"Jadzio - sklep\",\"url\":\"https:\\\/\\\/jadzio.pl\\\/sklep\\\/\",\"logo\":{\"@type\":\"ImageObject\",\"inLanguage\":\"pl-PL\",\"@id\":\"https:\\\/\\\/jadzio.pl\\\/sklep\\\/#\\\/schema\\\/logo\\\/image\\\/\",\"url\":\"https:\\\/\\\/jadzio.pl\\\/sklep\\\/wp-content\\\/uploads\\\/2025\\\/07\\\/jadzio.png\",\"contentUrl\":\"https:\\\/\\\/jadzio.pl\\\/sklep\\\/wp-content\\\/uploads\\\/2025\\\/07\\\/jadzio.png\",\"width\":2000,\"height\":2000,\"caption\":\"Jadzio - sklep\"},\"image\":{\"@id\":\"https:\\\/\\\/jadzio.pl\\\/sklep\\\/#\\\/schema\\\/logo\\\/image\\\/\"}}]}<\/script>\n<!-- \/ Yoast SEO plugin. -->","yoast_head_json":{"title":"O mnie - Jadzio","description":"Jestem Jadzio, a to kr\u00f3tka strona o mnie. zajmuj\u0119 si\u0119 grafik\u0105 i animacj\u0105. Rysowanie i szycie to moje hobby. Zapraszam do mojego sklepu.","robots":{"index":"index","follow":"follow","max-snippet":"max-snippet:-1","max-image-preview":"max-image-preview:large","max-video-preview":"max-video-preview:-1"},"canonical":"https:\/\/jadzio.pl\/sklep\/index.php\/o_mnie_jadzio\/","og_locale":"pl_PL","og_type":"article","og_title":"O mnie - Jadzio","og_description":"Jestem Jadzio, a to kr\u00f3tka strona o mnie. zajmuj\u0119 si\u0119 grafik\u0105 i animacj\u0105. Rysowanie i szycie to moje hobby. Zapraszam do mojego sklepu.","og_url":"https:\/\/jadzio.pl\/sklep\/index.php\/o_mnie_jadzio\/","og_site_name":"Jadzio - sklep","article_modified_time":"2025-09-27T13:24:14+00:00","og_image":[{"width":2000,"height":2000,"url":"https:\/\/jadzio.pl\/sklep\/wp-content\/uploads\/2025\/07\/jadzio.png","type":"image\/png"}],"twitter_card":"summary_large_image","twitter_misc":{"Szacowany czas czytania":"2 minuty"},"schema":{"@context":"https:\/\/schema.org","@graph":[{"@type":"WebPage","@id":"https:\/\/jadzio.pl\/sklep\/index.php\/o_mnie_jadzio\/","url":"https:\/\/jadzio.pl\/sklep\/index.php\/o_mnie_jadzio\/","name":"O mnie - Jadzio","isPartOf":{"@id":"https:\/\/jadzio.pl\/sklep\/#website"},"primaryImageOfPage":{"@id":"https:\/\/jadzio.pl\/sklep\/index.php\/o_mnie_jadzio\/#primaryimage"},"image":{"@id":"https:\/\/jadzio.pl\/sklep\/index.php\/o_mnie_jadzio\/#primaryimage"},"thumbnailUrl":"https:\/\/jadzio.pl\/sklep\/wp-content\/uploads\/2025\/07\/jadzio-1024x1024.png","datePublished":"2025-07-02T11:12:59+00:00","dateModified":"2025-09-27T13:24:14+00:00","description":"Jestem Jadzio, a to kr\u00f3tka strona o mnie. zajmuj\u0119 si\u0119 grafik\u0105 i animacj\u0105. Rysowanie i szycie to moje hobby. Zapraszam do mojego sklepu.","breadcrumb":{"@id":"https:\/\/jadzio.pl\/sklep\/index.php\/o_mnie_jadzio\/#breadcrumb"},"inLanguage":"pl-PL","potentialAction":[{"@type":"ReadAction","target":["https:\/\/jadzio.pl\/sklep\/index.php\/o_mnie_jadzio\/"]}]},{"@type":"ImageObject","inLanguage":"pl-PL","@id":"https:\/\/jadzio.pl\/sklep\/index.php\/o_mnie_jadzio\/#primaryimage","url":"https:\/\/jadzio.pl\/sklep\/wp-content\/uploads\/2025\/07\/jadzio.png","contentUrl":"https:\/\/jadzio.pl\/sklep\/wp-content\/uploads\/2025\/07\/jadzio.png","width":2000,"height":2000,"caption":"Jadzio"},{"@type":"BreadcrumbList","@id":"https:\/\/jadzio.pl\/sklep\/index.php\/o_mnie_jadzio\/#breadcrumb","itemListElement":[{"@type":"ListItem","position":1,"name":"Strona g\u0142\u00f3wna","item":"https:\/\/jadzio.pl\/sklep\/"},{"@type":"ListItem","position":2,"name":"O mnie &#8211; Jadzio"}]},{"@type":"WebSite","@id":"https:\/\/jadzio.pl\/sklep\/#website","url":"https:\/\/jadzio.pl\/sklep\/","name":"Jadzio - sklep","description":"","publisher":{"@id":"https:\/\/jadzio.pl\/sklep\/#organization"},"potentialAction":[{"@type":"SearchAction","target":{"@type":"EntryPoint","urlTemplate":"https:\/\/jadzio.pl\/sklep\/?s={search_term_string}"},"query-input":{"@type":"PropertyValueSpecification","valueRequired":true,"valueName":"search_term_string"}}],"inLanguage":"pl-PL"},{"@type":"Organization","@id":"https:\/\/jadzio.pl\/sklep\/#organization","name":"Jadzio - sklep","url":"https:\/\/jadzio.pl\/sklep\/","logo":{"@type":"ImageObject","inLanguage":"pl-PL","@id":"https:\/\/jadzio.pl\/sklep\/#\/schema\/logo\/image\/","url":"https:\/\/jadzio.pl\/sklep\/wp-content\/uploads\/2025\/07\/jadzio.png","contentUrl":"https:\/\/jadzio.pl\/sklep\/wp-content\/uploads\/2025\/07\/jadzio.png","width":2000,"height":2000,"caption":"Jadzio - sklep"},"image":{"@id":"https:\/\/jadzio.pl\/sklep\/#\/schema\/logo\/image\/"}}]}},"_links":{"self":[{"href":"https:\/\/jadzio.pl\/sklep\/index.php\/wp-json\/wp\/v2\/pages\/2","targetHints":{"allow":["GET"]}}],"collection":[{"href":"https:\/\/jadzio.pl\/sklep\/index.php\/wp-json\/wp\/v2\/pages"}],"about":[{"href":"https:\/\/jadzio.pl\/sklep\/index.php\/wp-json\/wp\/v2\/types\/page"}],"author":[{"embeddable":true,"href":"https:\/\/jadzio.pl\/sklep\/index.php\/wp-json\/wp\/v2\/users\/1"}],"replies":[{"embeddable":true,"href":"https:\/\/jadzio.pl\/sklep\/index.php\/wp-json\/wp\/v2\/comments?post=2"}],"version-history":[{"count":15,"href":"https:\/\/jadzio.pl\/sklep\/index.php\/wp-json\/wp\/v2\/pages\/2\/revisions"}],"predecessor-version":[{"id":1438,"href":"https:\/\/jadzio.pl\/sklep\/index.php\/wp-json\/wp\/v2\/pages\/2\/revisions\/1438"}],"wp:attachment":[{"href":"https:\/\/jadzio.pl\/sklep\/index.php\/wp-json\/wp\/v2\/media?parent=2"}],"curies":[{"name":"wp","href":"https:\/\/api.w.org\/{rel}","templated":true}]}}