{"id":3,"date":"2025-07-02T11:12:59","date_gmt":"2025-07-02T11:12:59","guid":{"rendered":"https:\/\/jadzio.pl\/sklep\/?page_id=3"},"modified":"2025-09-30T09:41:32","modified_gmt":"2025-09-30T09:41:32","slug":"privacy-policy","status":"publish","type":"page","link":"https:\/\/jadzio.pl\/sklep\/index.php\/privacy-policy\/","title":{"rendered":"Polityka Prywatno\u015bci"},"content":{"rendered":"\n<h2 class=\"wp-block-heading\">Jakie dane osobiste zbieram i dlaczego? Kim jestem? itp.<\/h2>\n\n\n\n<p>Adres mojej strony internetowej to: <a href=\"https:\/\/jadzio.pl\/sklep\">https:\/\/jadzio.pl\/sklep<\/a>.<\/p>\n\n\n\n<p>Dane administratora i kontakty: <\/p>\n\n\n\n<p>eco-en Marek Buras<br>NIP: 5542432566 REGON: 340107849<\/p>\n\n\n\n<p>z siedzib\u0105: 85-790 Bydgoszcz, ul. Altanowa 5\/6<\/p>\n\n\n\n<p>adres fizyczny sklepu (poczta, korespondencja, odbiory osobiste): ul. gen. Tadeusza Bora-Komorowskiego 15, 85-793 Bydgoszcz, Polska<\/p>\n\n\n\n<p>mail: <strong>kontakt@jadzio.pl<\/strong><\/p>\n\n\n\n<p>kontakt telefoniczny: +48 <strong>690 292 305<\/strong><\/p>\n\n\n\n<p><\/p>\n\n\n\n<h3 class=\"wp-block-heading\">Ciasteczka<\/h3>\n\n\n\n<p>Pe\u0142ny opis polityki plik\u00f3w cookie odnajdz\u0105 Pa\u0144stwo tu: <a href=\"https:\/\/jadzio.pl\/sklep\/index.php\/polityka-plikow-cookie\/\" target=\"_blank\" rel=\"noreferrer noopener nofollow\"><strong>Polityka plik\u00f3w cookie<\/strong><\/a>. Niniejszy opis jest integraln\u0105 cz\u0119\u015bci\u0105 regulaminu.<\/p>\n\n\n\n<p><\/p>\n\n\n\n<h3 class=\"wp-block-heading\">Analiza statystyk<\/h3>\n\n\n\n<p>Ta strona internetowa korzysta z Google Analytics, us\u0142ugi analizowania us\u0142ug internetowych, oferowanej przez Google Inc. (\u201eGoogle\u201d). Google Analytics wykorzystuje tzw. \u201eCookies\u201d, pliki tekstowe, kt\u00f3re s\u0105 zapisywane na Pa\u0144stwa komputerze i umo\u017cliwiaj\u0105 analiz\u0119 korzystania przez Pa\u0144stwa ze strony internetowej.<\/p>\n\n\n\n<h2 class=\"wp-block-heading\">Z kim dzielimy si\u0119 danymi<\/h2>\n\n\n\n<p>Twoje dane s\u0105 przekazywane firmom zewn\u0119trznym wy\u0142\u0105cznie w celu realizacji p\u0142atno\u015bci i wysy\u0142ki w zakresie niezb\u0119dnym do realizacji us\u0142ugi oraz w celu i zakresie wymienionym w p-cie dotycz\u0105cym &#8222;Analizy statystyk&#8221;.<\/p>\n\n\n\n<h2 class=\"wp-block-heading\">Jak d\u0142ugo przechowuj\u0119 Twoje dane?<\/h2>\n\n\n\n<p>Dane u\u017cytkownik\u00f3w, zarejestrowanych na mojej stronie internetowej, s\u0105 przechowywane w profilu. Ka\u017cdy u\u017cytkownik mo\u017ce dokona\u0107 wgl\u0105du, korekty albo skasowa\u0107 swoje informacje osobiste w dowolnej chwili (nie licz\u0105c nazwy u\u017cytkownika, kt\u00f3rej nie mo\u017cna zmieni\u0107). Administratorzy strony r\u00f3wnie\u017c mog\u0105 przegl\u0105da\u0107 i modyfikowa\u0107 te informacje.<\/p>\n\n\n\n<p>Z danych osobowych potrzebnych do realizacji wy\u017cej wymienionych cel\u00f3w b\u0119dziemy korzysta\u0107 przez okres: do czasu cofni\u0119cia zgody.<\/p>\n\n\n\n<h2 class=\"wp-block-heading\">Jakie masz prawa do swoich danych?<\/h2>\n\n\n\n<p>W zwi\u0105zku z&nbsp;przetwarzaniem Pani\/Pana danych osobowych, przys\u0142uguj\u0105 Pani\/Panu nast\u0119puj\u0105ce prawa:<\/p>\n\n\n\n<ul class=\"wp-block-list\">\n<li>prawo dost\u0119pu do danych osobowych,<\/li>\n\n\n\n<li>prawo \u017c\u0105dania sprostowania\/poprawienia danych osobowych,<\/li>\n\n\n\n<li>prawo \u017c\u0105dania usuni\u0119cia danych osobowych przetwarzanych bezpodstawnie,<\/li>\n\n\n\n<li>prawo \u017c\u0105dania ograniczenia przetwarzania danych osobowych,<\/li>\n\n\n\n<li>prawo wyra\u017cenia sprzeciwu wobec przetwarzania Pani\/Pana danych osobowych ze wzgl\u0119du na\u00a0Pani\/Pana szczeg\u00f3ln\u0105 sytuacje \u2013 w\u00a0przypadkach, gdy przetwarzamy dane na\u00a0podstawie naszego prawnie usprawiedliwionego interesu,<\/li>\n\n\n\n<li>prawo do przenoszenia Pani\/Pana danych osobowych, tj. prawo otrzymania od nas swoich danych osobowych, prawo do przenoszenia danych osobowych przys\u0142uguje tylko co do tych danych, kt\u00f3re przetwarzamy na\u00a0podstawie Pani\/Pana zgody,<\/li>\n\n\n\n<li>prawo wniesienia skargi do organu nadzorczego \u2013 Prezesa Urz\u0119du Ochrony Danych, gdy uzna Pani\/Pan, i\u017c przetwarzanie danych osobowych narusza przepisy og\u00f3lnego rozporz\u0105dzenia o ochronie danych osobowych.<\/li>\n<\/ul>\n\n\n\n<h2 class=\"wp-block-heading\">Dane kontaktowe<\/h2>\n\n\n\n<p>W razie jakichkolwiek spraw zwi\u0105zanych z prywatno\u015bci\u0105 prosimy o kontakt pod adresem:  kontakt@jadzio.pl.<\/p>\n","protected":false},"excerpt":{"rendered":"<p>Jakie dane osobiste zbieram i dlaczego? Kim jestem? itp. Adres mojej strony internetowej to: https:\/\/jadzio.pl\/sklep. Dane administratora i kontakty: eco-en Marek BurasNIP: 5542432566 REGON: 340107849 z siedzib\u0105: 85-790 Bydgoszcz, ul. Altanowa 5\/6 adres fizyczny sklepu (poczta, korespondencja, odbiory osobiste): ul. gen. Tadeusza Bora-Komorowskiego 15, 85-793 Bydgoszcz, Polska mail: kontakt@jadzio.pl kontakt telefoniczny: +48 690 292 305 [&hellip;]<\/p>\n","protected":false},"author":1,"featured_media":0,"parent":0,"menu_order":0,"comment_status":"closed","ping_status":"open","template":"","meta":{"footnotes":""},"class_list":["post-3","page","type-page","status-publish","hentry"],"yoast_head":"<!-- This site is optimized with the Yoast SEO plugin v27.4 - https:\/\/yoast.com\/product\/yoast-seo-wordpress\/ -->\n<title>Polityka Prywatno\u015bci - Jadzio - sklep<\/title>\n<meta name=\"robots\" content=\"index, follow, max-snippet:-1, max-image-preview:large, max-video-preview:-1\" \/>\n<link rel=\"canonical\" href=\"https:\/\/jadzio.pl\/sklep\/index.php\/privacy-policy\/\" \/>\n<meta property=\"og:locale\" content=\"pl_PL\" \/>\n<meta property=\"og:type\" content=\"article\" \/>\n<meta property=\"og:title\" content=\"Polityka Prywatno\u015bci - Jadzio - sklep\" \/>\n<meta property=\"og:description\" content=\"Jakie dane osobiste zbieram i dlaczego? Kim jestem? itp. Adres mojej strony internetowej to: https:\/\/jadzio.pl\/sklep. Dane administratora i kontakty: eco-en Marek BurasNIP: 5542432566 REGON: 340107849 z siedzib\u0105: 85-790 Bydgoszcz, ul. Altanowa 5\/6 adres fizyczny sklepu (poczta, korespondencja, odbiory osobiste): ul. gen. Tadeusza Bora-Komorowskiego 15, 85-793 Bydgoszcz, Polska mail: kontakt@jadzio.pl kontakt telefoniczny: +48 690 292 305 [&hellip;]\" \/>\n<meta property=\"og:url\" content=\"https:\/\/jadzio.pl\/sklep\/index.php\/privacy-policy\/\" \/>\n<meta property=\"og:site_name\" content=\"Jadzio - sklep\" \/>\n<meta property=\"article:modified_time\" content=\"2025-09-30T09:41:32+00:00\" \/>\n<meta name=\"twitter:card\" content=\"summary_large_image\" \/>\n<meta name=\"twitter:label1\" content=\"Szacowany czas czytania\" \/>\n\t<meta name=\"twitter:data1\" content=\"3 minuty\" \/>\n<script type=\"application\/ld+json\" class=\"yoast-schema-graph\">{\"@context\":\"https:\\\/\\\/schema.org\",\"@graph\":[{\"@type\":\"WebPage\",\"@id\":\"https:\\\/\\\/jadzio.pl\\\/sklep\\\/index.php\\\/privacy-policy\\\/\",\"url\":\"https:\\\/\\\/jadzio.pl\\\/sklep\\\/index.php\\\/privacy-policy\\\/\",\"name\":\"Polityka Prywatno\u015bci - Jadzio - sklep\",\"isPartOf\":{\"@id\":\"https:\\\/\\\/jadzio.pl\\\/sklep\\\/#website\"},\"datePublished\":\"2025-07-02T11:12:59+00:00\",\"dateModified\":\"2025-09-30T09:41:32+00:00\",\"breadcrumb\":{\"@id\":\"https:\\\/\\\/jadzio.pl\\\/sklep\\\/index.php\\\/privacy-policy\\\/#breadcrumb\"},\"inLanguage\":\"pl-PL\",\"potentialAction\":[{\"@type\":\"ReadAction\",\"target\":[\"https:\\\/\\\/jadzio.pl\\\/sklep\\\/index.php\\\/privacy-policy\\\/\"]}]},{\"@type\":\"BreadcrumbList\",\"@id\":\"https:\\\/\\\/jadzio.pl\\\/sklep\\\/index.php\\\/privacy-policy\\\/#breadcrumb\",\"itemListElement\":[{\"@type\":\"ListItem\",\"position\":1,\"name\":\"Strona g\u0142\u00f3wna\",\"item\":\"https:\\\/\\\/jadzio.pl\\\/sklep\\\/\"},{\"@type\":\"ListItem\",\"position\":2,\"name\":\"Polityka Prywatno\u015bci\"}]},{\"@type\":\"WebSite\",\"@id\":\"https:\\\/\\\/jadzio.pl\\\/sklep\\\/#website\",\"url\":\"https:\\\/\\\/jadzio.pl\\\/sklep\\\/\",\"name\":\"Jadzio - sklep\",\"description\":\"\",\"publisher\":{\"@id\":\"https:\\\/\\\/jadzio.pl\\\/sklep\\\/#organization\"},\"potentialAction\":[{\"@type\":\"SearchAction\",\"target\":{\"@type\":\"EntryPoint\",\"urlTemplate\":\"https:\\\/\\\/jadzio.pl\\\/sklep\\\/?s={search_term_string}\"},\"query-input\":{\"@type\":\"PropertyValueSpecification\",\"valueRequired\":true,\"valueName\":\"search_term_string\"}}],\"inLanguage\":\"pl-PL\"},{\"@type\":\"Organization\",\"@id\":\"https:\\\/\\\/jadzio.pl\\\/sklep\\\/#organization\",\"name\":\"Jadzio - sklep\",\"url\":\"https:\\\/\\\/jadzio.pl\\\/sklep\\\/\",\"logo\":{\"@type\":\"ImageObject\",\"inLanguage\":\"pl-PL\",\"@id\":\"https:\\\/\\\/jadzio.pl\\\/sklep\\\/#\\\/schema\\\/logo\\\/image\\\/\",\"url\":\"https:\\\/\\\/jadzio.pl\\\/sklep\\\/wp-content\\\/uploads\\\/2025\\\/07\\\/jadzio.png\",\"contentUrl\":\"https:\\\/\\\/jadzio.pl\\\/sklep\\\/wp-content\\\/uploads\\\/2025\\\/07\\\/jadzio.png\",\"width\":2000,\"height\":2000,\"caption\":\"Jadzio - sklep\"},\"image\":{\"@id\":\"https:\\\/\\\/jadzio.pl\\\/sklep\\\/#\\\/schema\\\/logo\\\/image\\\/\"}}]}<\/script>\n<!-- \/ Yoast SEO plugin. -->","yoast_head_json":{"title":"Polityka Prywatno\u015bci - Jadzio - sklep","robots":{"index":"index","follow":"follow","max-snippet":"max-snippet:-1","max-image-preview":"max-image-preview:large","max-video-preview":"max-video-preview:-1"},"canonical":"https:\/\/jadzio.pl\/sklep\/index.php\/privacy-policy\/","og_locale":"pl_PL","og_type":"article","og_title":"Polityka Prywatno\u015bci - Jadzio - sklep","og_description":"Jakie dane osobiste zbieram i dlaczego? Kim jestem? itp. Adres mojej strony internetowej to: https:\/\/jadzio.pl\/sklep. Dane administratora i kontakty: eco-en Marek BurasNIP: 5542432566 REGON: 340107849 z siedzib\u0105: 85-790 Bydgoszcz, ul. Altanowa 5\/6 adres fizyczny sklepu (poczta, korespondencja, odbiory osobiste): ul. gen. Tadeusza Bora-Komorowskiego 15, 85-793 Bydgoszcz, Polska mail: kontakt@jadzio.pl kontakt telefoniczny: +48 690 292 305 [&hellip;]","og_url":"https:\/\/jadzio.pl\/sklep\/index.php\/privacy-policy\/","og_site_name":"Jadzio - sklep","article_modified_time":"2025-09-30T09:41:32+00:00","twitter_card":"summary_large_image","twitter_misc":{"Szacowany czas czytania":"3 minuty"},"schema":{"@context":"https:\/\/schema.org","@graph":[{"@type":"WebPage","@id":"https:\/\/jadzio.pl\/sklep\/index.php\/privacy-policy\/","url":"https:\/\/jadzio.pl\/sklep\/index.php\/privacy-policy\/","name":"Polityka Prywatno\u015bci - Jadzio - sklep","isPartOf":{"@id":"https:\/\/jadzio.pl\/sklep\/#website"},"datePublished":"2025-07-02T11:12:59+00:00","dateModified":"2025-09-30T09:41:32+00:00","breadcrumb":{"@id":"https:\/\/jadzio.pl\/sklep\/index.php\/privacy-policy\/#breadcrumb"},"inLanguage":"pl-PL","potentialAction":[{"@type":"ReadAction","target":["https:\/\/jadzio.pl\/sklep\/index.php\/privacy-policy\/"]}]},{"@type":"BreadcrumbList","@id":"https:\/\/jadzio.pl\/sklep\/index.php\/privacy-policy\/#breadcrumb","itemListElement":[{"@type":"ListItem","position":1,"name":"Strona g\u0142\u00f3wna","item":"https:\/\/jadzio.pl\/sklep\/"},{"@type":"ListItem","position":2,"name":"Polityka Prywatno\u015bci"}]},{"@type":"WebSite","@id":"https:\/\/jadzio.pl\/sklep\/#website","url":"https:\/\/jadzio.pl\/sklep\/","name":"Jadzio - sklep","description":"","publisher":{"@id":"https:\/\/jadzio.pl\/sklep\/#organization"},"potentialAction":[{"@type":"SearchAction","target":{"@type":"EntryPoint","urlTemplate":"https:\/\/jadzio.pl\/sklep\/?s={search_term_string}"},"query-input":{"@type":"PropertyValueSpecification","valueRequired":true,"valueName":"search_term_string"}}],"inLanguage":"pl-PL"},{"@type":"Organization","@id":"https:\/\/jadzio.pl\/sklep\/#organization","name":"Jadzio - sklep","url":"https:\/\/jadzio.pl\/sklep\/","logo":{"@type":"ImageObject","inLanguage":"pl-PL","@id":"https:\/\/jadzio.pl\/sklep\/#\/schema\/logo\/image\/","url":"https:\/\/jadzio.pl\/sklep\/wp-content\/uploads\/2025\/07\/jadzio.png","contentUrl":"https:\/\/jadzio.pl\/sklep\/wp-content\/uploads\/2025\/07\/jadzio.png","width":2000,"height":2000,"caption":"Jadzio - sklep"},"image":{"@id":"https:\/\/jadzio.pl\/sklep\/#\/schema\/logo\/image\/"}}]}},"_links":{"self":[{"href":"https:\/\/jadzio.pl\/sklep\/index.php\/wp-json\/wp\/v2\/pages\/3","targetHints":{"allow":["GET"]}}],"collection":[{"href":"https:\/\/jadzio.pl\/sklep\/index.php\/wp-json\/wp\/v2\/pages"}],"about":[{"href":"https:\/\/jadzio.pl\/sklep\/index.php\/wp-json\/wp\/v2\/types\/page"}],"author":[{"embeddable":true,"href":"https:\/\/jadzio.pl\/sklep\/index.php\/wp-json\/wp\/v2\/users\/1"}],"replies":[{"embeddable":true,"href":"https:\/\/jadzio.pl\/sklep\/index.php\/wp-json\/wp\/v2\/comments?post=3"}],"version-history":[{"count":20,"href":"https:\/\/jadzio.pl\/sklep\/index.php\/wp-json\/wp\/v2\/pages\/3\/revisions"}],"predecessor-version":[{"id":1457,"href":"https:\/\/jadzio.pl\/sklep\/index.php\/wp-json\/wp\/v2\/pages\/3\/revisions\/1457"}],"wp:attachment":[{"href":"https:\/\/jadzio.pl\/sklep\/index.php\/wp-json\/wp\/v2\/media?parent=3"}],"curies":[{"name":"wp","href":"https:\/\/api.w.org\/{rel}","templated":true}]}}