{"id":1414,"date":"2025-09-08T15:19:26","date_gmt":"2025-09-08T15:19:26","guid":{"rendered":"https:\/\/jadzio.pl\/sklep\/?post_type=product&#038;p=1414"},"modified":"2025-09-08T15:19:27","modified_gmt":"2025-09-08T15:19:27","slug":"buttered-up-cake-hound","status":"publish","type":"product","link":"https:\/\/jadzio.pl\/sklep\/index.php\/produkt\/buttered-up-cake-hound\/","title":{"rendered":"Buttered-Up Cake Hound"},"content":{"rendered":"<p>Buttered-Up Cake Hound Keychain. Rozmiar akrylowej cz\u0119\u015bci: 38.1mm. Na akrylu znajduje si\u0119 ochronna warstwa plastikowa do odklejenia. Kolory mog\u0105 nieznacznie r\u00f3\u017cni\u0107 si\u0119 od kolor\u00f3w na ekranie. Nie jest to zabawka i nie jest odpowiednie dla dzieci.<\/p>\n<p>&nbsp;<\/p>\n<p>Je\u015bli jeste\u015b wielbicielem <a href=\"https:\/\/www.google.com\/search?q=cookie+run&amp;sca_esv=d5e847b1dc31b2cb&amp;sxsrf=AE3TifP9ExYN7nZ9KTLmyUFEVQJ3CuodPQ%3A1754410232772&amp;ei=-CySaJrwLuSzwPAP6cmWqQ8&amp;ved=0ahUKEwiazNu1h_SOAxXkGRAIHemkJfUQ4dUDCBA&amp;uact=5&amp;oq=cookie+run&amp;gs_lp=Egxnd3Mtd2l6LXNlcnAiCmNvb2tpZSBydW4yChAuGIAEGCcYigUyChAjGIAEGCcYigUyDBAjGIAEGBMYJxiKBTIEECMYJzIIEAAYgAQYsQMyBRAAGIAEMgUQABiABDIIEAAYgAQYsQMyCBAAGIAEGMsBMgUQABiABDIXEC4YgAQYigUYlwUY3AQY3gQY4ATYAQFIhxZQ4ARY6wdwA3gBkAEAmAFgoAGyAaoBATK4AQPIAQD4AQGYAgWgAt8BwgIHEC4YsAMYJ8ICDRAjGPAFGLADGCcYyQLCAgcQIxiwAxgnwgIKEAAYsAMY1gQYR8ICDhAAGLADGOQCGNYE2AEBwgITEC4YgAQYsAMYQxjIAxiKBdgBAcICGRAuGIAEGLADGNEDGEMYxwEYyAMYigXYAQGYAwCIBgGQBhO6BgYIARABGAmSBwM0LjGgB5YbsgcDMS4xuAfKAcIHBzAuMS4yLjLIByc&amp;sclient=gws-wiz-serp\">CookieRun<\/a> polecamy Ci nasz\u0105 kategori\u0119 produkt\u00f3w powi\u0105zanych z t\u0105 tematyk\u0105: <a href=\"https:\/\/jadzio.pl\/sklep\/index.php\/kategoria-produktu\/katalog\/gry\/cookierun\/\">CookieRun<\/a>.<\/p>\n<p>Lubisz breloczki? Zapraszam do eksploracji dzia\u0142u mojego Jadzio sklepu w kategorii: <a href=\"https:\/\/jadzio.pl\/sklep\/index.php\/kategoria-produktu\/katalog\/breloczki\/\">breloczki<\/a>. Znajdziesz tam tak\u017ce breloki akrylowe (pojedyncze, podw\u00f3jne i wielosegmentowe).<\/p>\n","protected":false},"excerpt":{"rendered":"<p>Buttered-Up Cake Hound Keychain. Rozmiar akrylowej cz\u0119\u015bci: 38.1mm. Na akrylu znajduje si\u0119 ochronna warstwa plastikowa do odklejenia. Kolory mog\u0105 nieznacznie r\u00f3\u017cni\u0107 si\u0119 od kolor\u00f3w na ekranie. Nie jest to zabawka i nie jest odpowiednie dla dzieci. &nbsp; Je\u015bli jeste\u015b wielbicielem CookieRun polecamy Ci nasz\u0105 kategori\u0119 produkt\u00f3w powi\u0105zanych z t\u0105 tematyk\u0105: CookieRun. Lubisz breloczki? Zapraszam do [&hellip;]<\/p>\n","protected":false},"featured_media":1390,"template":"","meta":[],"product_brand":[],"product_cat":[24,59,30,31,23],"product_tag":[26,60,102,29],"class_list":{"0":"post-1414","1":"product","2":"type-product","3":"status-publish","4":"has-post-thumbnail","6":"product_cat-breloczki","7":"product_cat-breloki-na-telefon","8":"product_cat-cookierun","9":"product_cat-gry","10":"product_cat-katalog","11":"product_tag-brelok","12":"product_tag-brelok-na-telefon","13":"product_tag-cake-hounds","14":"product_tag-cookierun","16":"first","17":"instock","18":"shipping-taxable","19":"purchasable","20":"product-type-simple"},"yoast_head":"<!-- This site is optimized with the Yoast SEO plugin v27.4 - https:\/\/yoast.com\/product\/yoast-seo-wordpress\/ -->\n<title>Buttered-Up Cake Hound - Jadzio - sklep<\/title>\n<meta name=\"description\" content=\"Buttered-Up Cake Hound Keychain. Rozmiar akrylowej cz\u0119\u015bci: 38.1mm. Na akrylu znajduje si\u0119 ochronna warstwa plastikowa do odklejenia.\" \/>\n<meta name=\"robots\" content=\"index, follow, max-snippet:-1, max-image-preview:large, max-video-preview:-1\" \/>\n<link rel=\"canonical\" href=\"https:\/\/jadzio.pl\/sklep\/index.php\/produkt\/buttered-up-cake-hound\/\" \/>\n<meta property=\"og:locale\" content=\"pl_PL\" \/>\n<meta property=\"og:type\" content=\"article\" \/>\n<meta property=\"og:title\" content=\"Buttered-Up Cake Hound - Jadzio - sklep\" \/>\n<meta property=\"og:description\" content=\"Buttered-Up Cake Hound Keychain. Rozmiar akrylowej cz\u0119\u015bci: 38.1mm. Na akrylu znajduje si\u0119 ochronna warstwa plastikowa do odklejenia.\" \/>\n<meta property=\"og:url\" content=\"https:\/\/jadzio.pl\/sklep\/index.php\/produkt\/buttered-up-cake-hound\/\" \/>\n<meta property=\"og:site_name\" content=\"Jadzio - sklep\" \/>\n<meta property=\"article:modified_time\" content=\"2025-09-08T15:19:27+00:00\" \/>\n<meta property=\"og:image\" content=\"https:\/\/jadzio.pl\/sklep\/wp-content\/uploads\/2025\/09\/keys_40_1.jpg\" \/>\n\t<meta property=\"og:image:width\" content=\"787\" \/>\n\t<meta property=\"og:image:height\" content=\"787\" \/>\n\t<meta property=\"og:image:type\" content=\"image\/jpeg\" \/>\n<meta name=\"twitter:card\" content=\"summary_large_image\" \/>\n<meta name=\"twitter:label1\" content=\"Szacowany czas czytania\" \/>\n\t<meta name=\"twitter:data1\" content=\"1 minuta\" \/>\n<script type=\"application\/ld+json\" class=\"yoast-schema-graph\">{\"@context\":\"https:\\\/\\\/schema.org\",\"@graph\":[{\"@type\":\"WebPage\",\"@id\":\"https:\\\/\\\/jadzio.pl\\\/sklep\\\/index.php\\\/produkt\\\/buttered-up-cake-hound\\\/\",\"url\":\"https:\\\/\\\/jadzio.pl\\\/sklep\\\/index.php\\\/produkt\\\/buttered-up-cake-hound\\\/\",\"name\":\"Buttered-Up Cake Hound - Jadzio - sklep\",\"isPartOf\":{\"@id\":\"https:\\\/\\\/jadzio.pl\\\/sklep\\\/#website\"},\"primaryImageOfPage\":{\"@id\":\"https:\\\/\\\/jadzio.pl\\\/sklep\\\/index.php\\\/produkt\\\/buttered-up-cake-hound\\\/#primaryimage\"},\"image\":{\"@id\":\"https:\\\/\\\/jadzio.pl\\\/sklep\\\/index.php\\\/produkt\\\/buttered-up-cake-hound\\\/#primaryimage\"},\"thumbnailUrl\":\"https:\\\/\\\/jadzio.pl\\\/sklep\\\/wp-content\\\/uploads\\\/2025\\\/09\\\/keys_40_1.jpg\",\"datePublished\":\"2025-09-08T15:19:26+00:00\",\"dateModified\":\"2025-09-08T15:19:27+00:00\",\"description\":\"Buttered-Up Cake Hound Keychain. Rozmiar akrylowej cz\u0119\u015bci: 38.1mm. Na akrylu znajduje si\u0119 ochronna warstwa plastikowa do odklejenia.\",\"breadcrumb\":{\"@id\":\"https:\\\/\\\/jadzio.pl\\\/sklep\\\/index.php\\\/produkt\\\/buttered-up-cake-hound\\\/#breadcrumb\"},\"inLanguage\":\"pl-PL\",\"potentialAction\":[{\"@type\":\"ReadAction\",\"target\":[\"https:\\\/\\\/jadzio.pl\\\/sklep\\\/index.php\\\/produkt\\\/buttered-up-cake-hound\\\/\"]}]},{\"@type\":\"ImageObject\",\"inLanguage\":\"pl-PL\",\"@id\":\"https:\\\/\\\/jadzio.pl\\\/sklep\\\/index.php\\\/produkt\\\/buttered-up-cake-hound\\\/#primaryimage\",\"url\":\"https:\\\/\\\/jadzio.pl\\\/sklep\\\/wp-content\\\/uploads\\\/2025\\\/09\\\/keys_40_1.jpg\",\"contentUrl\":\"https:\\\/\\\/jadzio.pl\\\/sklep\\\/wp-content\\\/uploads\\\/2025\\\/09\\\/keys_40_1.jpg\",\"width\":787,\"height\":787,\"caption\":\"Buttered-Up Cake Hound Keychain\"},{\"@type\":\"BreadcrumbList\",\"@id\":\"https:\\\/\\\/jadzio.pl\\\/sklep\\\/index.php\\\/produkt\\\/buttered-up-cake-hound\\\/#breadcrumb\",\"itemListElement\":[{\"@type\":\"ListItem\",\"position\":1,\"name\":\"Strona g\u0142\u00f3wna\",\"item\":\"https:\\\/\\\/jadzio.pl\\\/sklep\\\/\"},{\"@type\":\"ListItem\",\"position\":2,\"name\":\"Produkty\",\"item\":\"https:\\\/\\\/jadzio.pl\\\/sklep\\\/index.php\\\/sklep\\\/\"},{\"@type\":\"ListItem\",\"position\":3,\"name\":\"Buttered-Up Cake Hound\"}]},{\"@type\":\"WebSite\",\"@id\":\"https:\\\/\\\/jadzio.pl\\\/sklep\\\/#website\",\"url\":\"https:\\\/\\\/jadzio.pl\\\/sklep\\\/\",\"name\":\"Jadzio - sklep\",\"description\":\"\",\"publisher\":{\"@id\":\"https:\\\/\\\/jadzio.pl\\\/sklep\\\/#organization\"},\"potentialAction\":[{\"@type\":\"SearchAction\",\"target\":{\"@type\":\"EntryPoint\",\"urlTemplate\":\"https:\\\/\\\/jadzio.pl\\\/sklep\\\/?s={search_term_string}\"},\"query-input\":{\"@type\":\"PropertyValueSpecification\",\"valueRequired\":true,\"valueName\":\"search_term_string\"}}],\"inLanguage\":\"pl-PL\"},{\"@type\":\"Organization\",\"@id\":\"https:\\\/\\\/jadzio.pl\\\/sklep\\\/#organization\",\"name\":\"Jadzio - sklep\",\"url\":\"https:\\\/\\\/jadzio.pl\\\/sklep\\\/\",\"logo\":{\"@type\":\"ImageObject\",\"inLanguage\":\"pl-PL\",\"@id\":\"https:\\\/\\\/jadzio.pl\\\/sklep\\\/#\\\/schema\\\/logo\\\/image\\\/\",\"url\":\"https:\\\/\\\/jadzio.pl\\\/sklep\\\/wp-content\\\/uploads\\\/2025\\\/07\\\/jadzio.png\",\"contentUrl\":\"https:\\\/\\\/jadzio.pl\\\/sklep\\\/wp-content\\\/uploads\\\/2025\\\/07\\\/jadzio.png\",\"width\":2000,\"height\":2000,\"caption\":\"Jadzio - sklep\"},\"image\":{\"@id\":\"https:\\\/\\\/jadzio.pl\\\/sklep\\\/#\\\/schema\\\/logo\\\/image\\\/\"}}]}<\/script>\n<!-- \/ Yoast SEO plugin. -->","yoast_head_json":{"title":"Buttered-Up Cake Hound - Jadzio - sklep","description":"Buttered-Up Cake Hound Keychain. Rozmiar akrylowej cz\u0119\u015bci: 38.1mm. Na akrylu znajduje si\u0119 ochronna warstwa plastikowa do odklejenia.","robots":{"index":"index","follow":"follow","max-snippet":"max-snippet:-1","max-image-preview":"max-image-preview:large","max-video-preview":"max-video-preview:-1"},"canonical":"https:\/\/jadzio.pl\/sklep\/index.php\/produkt\/buttered-up-cake-hound\/","og_locale":"pl_PL","og_type":"article","og_title":"Buttered-Up Cake Hound - Jadzio - sklep","og_description":"Buttered-Up Cake Hound Keychain. Rozmiar akrylowej cz\u0119\u015bci: 38.1mm. Na akrylu znajduje si\u0119 ochronna warstwa plastikowa do odklejenia.","og_url":"https:\/\/jadzio.pl\/sklep\/index.php\/produkt\/buttered-up-cake-hound\/","og_site_name":"Jadzio - sklep","article_modified_time":"2025-09-08T15:19:27+00:00","og_image":[{"width":787,"height":787,"url":"https:\/\/jadzio.pl\/sklep\/wp-content\/uploads\/2025\/09\/keys_40_1.jpg","type":"image\/jpeg"}],"twitter_card":"summary_large_image","twitter_misc":{"Szacowany czas czytania":"1 minuta"},"schema":{"@context":"https:\/\/schema.org","@graph":[{"@type":"WebPage","@id":"https:\/\/jadzio.pl\/sklep\/index.php\/produkt\/buttered-up-cake-hound\/","url":"https:\/\/jadzio.pl\/sklep\/index.php\/produkt\/buttered-up-cake-hound\/","name":"Buttered-Up Cake Hound - Jadzio - sklep","isPartOf":{"@id":"https:\/\/jadzio.pl\/sklep\/#website"},"primaryImageOfPage":{"@id":"https:\/\/jadzio.pl\/sklep\/index.php\/produkt\/buttered-up-cake-hound\/#primaryimage"},"image":{"@id":"https:\/\/jadzio.pl\/sklep\/index.php\/produkt\/buttered-up-cake-hound\/#primaryimage"},"thumbnailUrl":"https:\/\/jadzio.pl\/sklep\/wp-content\/uploads\/2025\/09\/keys_40_1.jpg","datePublished":"2025-09-08T15:19:26+00:00","dateModified":"2025-09-08T15:19:27+00:00","description":"Buttered-Up Cake Hound Keychain. Rozmiar akrylowej cz\u0119\u015bci: 38.1mm. Na akrylu znajduje si\u0119 ochronna warstwa plastikowa do odklejenia.","breadcrumb":{"@id":"https:\/\/jadzio.pl\/sklep\/index.php\/produkt\/buttered-up-cake-hound\/#breadcrumb"},"inLanguage":"pl-PL","potentialAction":[{"@type":"ReadAction","target":["https:\/\/jadzio.pl\/sklep\/index.php\/produkt\/buttered-up-cake-hound\/"]}]},{"@type":"ImageObject","inLanguage":"pl-PL","@id":"https:\/\/jadzio.pl\/sklep\/index.php\/produkt\/buttered-up-cake-hound\/#primaryimage","url":"https:\/\/jadzio.pl\/sklep\/wp-content\/uploads\/2025\/09\/keys_40_1.jpg","contentUrl":"https:\/\/jadzio.pl\/sklep\/wp-content\/uploads\/2025\/09\/keys_40_1.jpg","width":787,"height":787,"caption":"Buttered-Up Cake Hound Keychain"},{"@type":"BreadcrumbList","@id":"https:\/\/jadzio.pl\/sklep\/index.php\/produkt\/buttered-up-cake-hound\/#breadcrumb","itemListElement":[{"@type":"ListItem","position":1,"name":"Strona g\u0142\u00f3wna","item":"https:\/\/jadzio.pl\/sklep\/"},{"@type":"ListItem","position":2,"name":"Produkty","item":"https:\/\/jadzio.pl\/sklep\/index.php\/sklep\/"},{"@type":"ListItem","position":3,"name":"Buttered-Up Cake Hound"}]},{"@type":"WebSite","@id":"https:\/\/jadzio.pl\/sklep\/#website","url":"https:\/\/jadzio.pl\/sklep\/","name":"Jadzio - sklep","description":"","publisher":{"@id":"https:\/\/jadzio.pl\/sklep\/#organization"},"potentialAction":[{"@type":"SearchAction","target":{"@type":"EntryPoint","urlTemplate":"https:\/\/jadzio.pl\/sklep\/?s={search_term_string}"},"query-input":{"@type":"PropertyValueSpecification","valueRequired":true,"valueName":"search_term_string"}}],"inLanguage":"pl-PL"},{"@type":"Organization","@id":"https:\/\/jadzio.pl\/sklep\/#organization","name":"Jadzio - sklep","url":"https:\/\/jadzio.pl\/sklep\/","logo":{"@type":"ImageObject","inLanguage":"pl-PL","@id":"https:\/\/jadzio.pl\/sklep\/#\/schema\/logo\/image\/","url":"https:\/\/jadzio.pl\/sklep\/wp-content\/uploads\/2025\/07\/jadzio.png","contentUrl":"https:\/\/jadzio.pl\/sklep\/wp-content\/uploads\/2025\/07\/jadzio.png","width":2000,"height":2000,"caption":"Jadzio - sklep"},"image":{"@id":"https:\/\/jadzio.pl\/sklep\/#\/schema\/logo\/image\/"}}]}},"_links":{"self":[{"href":"https:\/\/jadzio.pl\/sklep\/index.php\/wp-json\/wp\/v2\/product\/1414","targetHints":{"allow":["GET"]}}],"collection":[{"href":"https:\/\/jadzio.pl\/sklep\/index.php\/wp-json\/wp\/v2\/product"}],"about":[{"href":"https:\/\/jadzio.pl\/sklep\/index.php\/wp-json\/wp\/v2\/types\/product"}],"wp:featuredmedia":[{"embeddable":true,"href":"https:\/\/jadzio.pl\/sklep\/index.php\/wp-json\/wp\/v2\/media\/1390"}],"wp:attachment":[{"href":"https:\/\/jadzio.pl\/sklep\/index.php\/wp-json\/wp\/v2\/media?parent=1414"}],"wp:term":[{"taxonomy":"product_brand","embeddable":true,"href":"https:\/\/jadzio.pl\/sklep\/index.php\/wp-json\/wp\/v2\/product_brand?post=1414"},{"taxonomy":"product_cat","embeddable":true,"href":"https:\/\/jadzio.pl\/sklep\/index.php\/wp-json\/wp\/v2\/product_cat?post=1414"},{"taxonomy":"product_tag","embeddable":true,"href":"https:\/\/jadzio.pl\/sklep\/index.php\/wp-json\/wp\/v2\/product_tag?post=1414"}],"curies":[{"name":"wp","href":"https:\/\/api.w.org\/{rel}","templated":true}]}}